
174
Let v(p) = 33*p**2 - 247*p - 4110. Give v(-8).
-22
Let q(s) = -51*s**2 + 17633*s - 105823. Calculate q(6).
-1861
Let x(h) = h**3 - 66*h**2 + 244*h + 130. Determine x(62).
-118
Let z(k) = -17*k**2 - 2*k + 75. Determine z(-10).
-1605
Let d(j) = j**3 + 15*j**2 - 118*j - 868. What is d(-18)?
284
Let j(d) = d**3 + 82*d**2 + 841*d + 72. What is j(-70)?
2
Let l(t) = t**3 + 8*t**2 + 106*t + 795. What is l(-7)?
102
Let v(s) = 6*s**2 - 1276*s - 26423. Determine v(-19).
-13
Let y(t) = 5*t**2 + 88*t - 603. Calculate y(6).
105
Let f(n) = -1728*n + 28502. Give f(17).
-874
Let h(z) = 861*z**3 + 4*z**2 - 12*z + 5. Determine h(1).
858
Let n(g) = -3*g**2 - 561*g - 20270. What is n(-50)?
280
Let s(y) = -7431*y - 1605101. What is s(-216)?
-5
Let c(l) = -1078*l - 29375. Calculate c(-27).
-269
Let j(a) = -2701*a - 1266832. Give j(-469).
-63
Let r(n) = -n**2 - 27463*n - 658433. What is r(-24)?
103
Let p(m) = -335*m**2 - 2302*m - 5. Determine p(-7).
-306
Let n(p) = 5006*p - 956318. Calculate n(191).
-172
Let i(a) = 4*a**3 - 163*a**2 + 97*a - 3. Give i(40).
-923
Let n(w) = 2127*w - 238240. Calculate n(112).
-16
Let g(r) = r**3 - 77*r**2 - 851*r - 102. Calculate g(-10).
-292
Let o(c) = 315365*c + 3153638. Determine o(-10).
-12
Let c(x) = -x**3 - 25*x**2 - 220*x - 3896. What is c(-23)?
106
Let y(w) = 26788*w + 803640. What is y(-30)?
0
Let b(t) = 75*t**2 + 3524*t + 2. Determine b(0).
2
Let a(y) = 1729*y - 31068. What is a(18)?
54
Let r(x) = 2*x**3 + 816*x**2 + 3056*x - 702. Determine r(-4).
2
Let g(r) = 7*r**3 - 153*r**2 + 175*r - 4342. What is g(22)?
-8
Let y(j) = -j**3 + 143*j**2 - 397*j + 16203. Give y(141).
-12
Let g(p) = -1735*p + 457998. Calculate g(264).
-42
Let w(b) = -9748*b + 721320. Give w(74).
-32
Let t(b) = -2*b**3 + 82*b**2 + 365*b - 387. Give t(45).
-162
Let p(a) = 3434*a - 360546. What is p(105)?
24
Let u(z) = 15*z**3 + 214*z**2 + 108*z - 327. Calculate u(1).
10
Let f(j) = -11*j**2 - 718*j + 7102. Determine f(-74).
-2
Let l(b) = b + 197. Determine l(32).
229
Let z(g) = -69*g**2 + 3742*g + 14999. What is z(-4)?
-1073
Let x(r) = -2941*r**2 - 273519*r - 558. Determine x(-93).
0
Let f(r) = -4*r**2 - 13049*r + 26092. Determine f(2).
-22
Let g(a) = 9468*a - 340849. What is g(36)?
-1
Let a(f) = -f**3 + f**2 - 69269*f - 207840. Determine a(-3).
3
Let p(q) = 44*q**2 - 1425*q + 4429. What is p(3)?
550
Let w(t) = 4*t**3 + 66*t**2 - 87*t + 136. Determine w(-19).
-1821
Let g(c) = -7835*c - 148713. Calculate g(-19).
152
Let r(n) = 69*n**3 + 473*n + 471. What is r(-1)?
-71
Let r(p) = -35*p**2 + 19270*p + 116880. Give r(-6).
0
Let y(b) = -5*b**2 - 4647*b - 217369. What is y(-880)?
-9
Let o(h) = 8405*h - 453927. Calculate o(54).
-57
Let g(k) = -13*k**2 + 13*k + 391. Calculate g(-10).
-1039
Let z(m) = 2*m**3 - 173*m**2 + 907*m - 13852. Calculate z(82).
6
Let u(y) = y**3 + 15*y**2 + 5430*y + 81444. Calculate u(-15).
-6
Let f(g) = g**3 - 96*g**2 - 525*g + 1392. Determine f(101).
-628
Let f(c) = -65*c**2 + 234*c + 102. Give f(4).
-2
Let h(b) = -17894*b - 35841. What is h(-2)?
-53
Let l(r) = -5*r**3 - 8*r**2 - 24*r + 49. What is l(-7)?
1540
Let b(o) = 65*o**2 + 1087*o + 1091. Determine b(-1).
69
Let t(u) = -6495077*u - 77940929. Determine t(-12).
-5
Let c(d) = 9*d**3 + 1457*d**2 - 104*d + 9429. Calculate c(-162).
33
Let o(y) = -y**3 + 4*y**2 - 91*y + 322. What is o(4)?
-42
Let k(z) = 13215*z + 105718. Determine k(-8).
-2
Let s(j) = -j**3 + 89*j**2 - 1424*j - 20. Calculate s(68).
252
Let a(x) = -143*x + 9382. Determine a(56).
1374
Let p(h) = -2*h**2 - 660*h + 16054. Calculate p(-353).
-184
Let l(f) = -1994*f + 719850. Calculate l(361).
16
Let d(c) = 25717*c + 205711. What is d(-8)?
-25
Let g(j) = 2*j**2 - 5007*j + 3104136. Calculate g(1130).
26
Let d(n) = -8*n**2 + 1488*n - 24196. Calculate d(168).
-4
Let d(m) = m**3 - 475*m**2 - 240*m + 114017. Determine d(475).
17
Let w(c) = -c**3 + 33*c**2 + 251*c + 367. Calculate w(40).
-793
Let i(t) = 1979*t - 22922. Determine i(12).
826
Let s(y) = -2*y**2 + 480265*y - 2881548. Give s(6).
-30
Let w(d) = -99698*d - 1594932. Give w(-16).
236
Let o(q) = -4367*q + 131001. Calculate o(30).
-9
Let q(c) = 2*c**2 - 197*c - 2778. What is q(-14)?
372
Let k(v) = -2107*v + 57023. What is k(27)?
134
Let g(m) = m**3 + 6*m**2 - 488*m - 58. What is g(20)?
582
Let v(p) = 1504243*p + 6016979. Give v(-4).
7
Let d(o) = o**3 - 147*o**2 - 6365*o - 970. Give d(182).
-60
Let r(v) = 3*v**2 - 174*v - 301. Determine r(53).
-1096
Let m(o) = o**3 + 8*o**2 - 1580*o + 142. Determine m(-44).
-34
Let g(s) = -961*s + 7824. Determine g(8).
136
Let x(n) = -3*n - 89. Give x(-5).
-74
Let w(m) = -250*m - 21199. What is w(-85)?
51
Let l(m) = -m**3 + 289*m**2 - 3040*m - 5003. Give l(278).
1
Let w(p) = 1309*p + 439819. Give w(-336).
-5
Let b(p) = -63882*p + 255559. Give b(4).
31
Let a(s) = 2*s**3 + 3*s**2 - 73*s - 606. Give a(-8).
-854
Let m(i) = -i**2 + 22609*i - 5965318. Give m(267).
-4
Let d(r) = r**2 - 1117*r - 39097. Determine d(-34).
37
Let s(r) = 49*r**3 + 1067*r**2 - 1385*r - 92. Determine s(-23).
23
Let t(i) = i**3 + 1258*i**2 - 16266*i - 3346. Calculate t(13).
-5
Let u(f) = 2*f**3 + 57*f**2 + 458*f - 1915. Calculate u(3).
26
Let i(y) = 8*y**3 + 82*y**2 + 23*y + 20. Calculate i(-10).
-10
Let m(c) = -4*c**3 - 79*c**2 + 1454*c + 28536. Calculate m(-20).
-144
Let l(s) = 30*s**2 + 1015*s + 8272. What is l(-14)?
-58
Let n(j) = 2*j**3 + 30*j**2 - 185*j - 3104. Give n(-22).
-5810
Let i(u) = 6*u**2 + 13459*u + 134670. Calculate i(-10).
680
Let q(g) = -16*g**2 + 178366*g - 178365. Determine q(1).
-15
Let c(g) = -8*g**3 - 2842*g**2 - 741*g - 11008. Calculate c(-355).
-3
Let w(b) = 29872*b - 418213. Calculate w(14).
-5
Let s(n) = -3080*n - 640637. What is s(-208)?
3
Let m(q) = -14*q**2 + 236*q - 1588. What is m(6)?
-676
Let k(s) = 79680*s + 478103. Determine k(-6).
23
Let r(i) = 5*i**3 - 5*i**2 + 74*i + 393. What is r(-5)?
-727
Let i(b) = 28860*b - 173165. Determine i(6).
-5
Let u(m) = m**3 - 48*m**2 + 478*m - 3. Determine u(13).
296
Let k(r) = -r**2 - 52*r - 720. Calculate k(-15).
-165
Let l(g) = g**3 + 51*g**2 - 413*g - 435. Calculate l(-58).
-29
Let y(m) = 16683*m + 267648. What is y(-16)?
720
Let l(j) = -662*j + 88718. What is l(129)?
3320
Let q(a) = 4*a**2 + 129*a + 2470. Determine q(-21).
1525
Let p(x) = -347*x + 3158. Determine p(9).
35
Let j(s) = -2636*s - 358469. Give j(-136).
27
Let j(y) = y**3 + 213*y**2 - 199*y + 3359. What is j(-214)?
149
Let u(x) = -x**3 + 685*x**2 + 56197*x - 65. Determine u(-74).
-2359
Let a(t) = 112*t + 987. What is a(2)?
1211
Let t(v) = 303*v**3 - 30300*v**2 - 16*v + 1583. Determine t(100).
-17
Let n(b) = 2*b**3 + b**2 - 850*b - 3343. Determine n(-4).
-55
Let u(l) = 45*l**2 - 3308*l - 52819. Give u(87).
-10
Let l(b) = 2576*b - 38169. Determine l(15).
471
Let i(r) = 3343*r + 18051. Calculate i(-5).
1336
Let l(t) = t**3 - 331*t**2 + 8480*t + 1204. Calculate l(303).
-8
Let a(r) = -172*r - 51827. Determine a(-301).
-55
Let c(l) = -l**3 - 295*l**2 + 36571*l + 1700. Determine c(-389).
-245
Let m(x) = -104*x**2 + 20667*x + 5769. Calculate m(199).
-2
Let p(x) = 8105*x + 397153. Determine p(-49).
8
Let k(i) = i**3 + 121*i**2 + 107*i - 1902. What is k(-120)?
-342
Let v(h) = 2*h**3 - 134*h**2 - 435*h - 43. Calculate v(-3).
2
Let p(t) = 21*t**3 - 4*t**2 + 12647*t + 12649. What is p(-1)?
-23
Let m(s) = 2*s**3 - 4*s**2 + 137*s + 820. What is m(-11)?
-3833
Let o(g) = -636*g - 89. Determine o(-1).
547
Let j(s) = -2*s**2 - 123*s + 201961. Calculate j(-350).
11
Let f(p) = -271604*p + 37752958. Give f(139).
2
Let b(z) = -3*z**2 + 152*z + 8997. What is b(-35)?
2
Let c(m) = -m**3 - 11*m**2 + 171*m + 46. Calculate c(-20).
226
Let z(p) = 5*p**2 - 13*p - 2480. What is z(-21)?
-2
Let z(i) = i**2 + 248196*i - 1737438. What is z(7)?
-17
Let i(g) = 468*g**3 - 17*g**2 + 3*g + 4. What is i(-2)?
-3814
Let a(o) = 613426*o + 1226813. Determine a(-2).
-39
Let k(z) = -5*z**3 + 280*z**2 + 271*z + 806. Determine k(57).
8
Let d(b) = 3313*b - 49706. Determine d(15).
-11
Let n(c) = 9731*c**2 + 29200*c - 2. Determine n(-3).
-23
Let d(x) = x**2 + 377*x + 32964. What is d(-138)?
-18
Let d(r) = -188739*r - 13022992. Give d(-69).
-1
Let d(l) = -l**2 - 3124*l + 289253. Calculate d(90).
-7
Let p(o) = 7358*o**2 + 44152*o + 20. What is p(-6)?
-4
Let i(s) = -55*s**2 - 11606*s - 72. Dete